 = 5 - -3. What is the units digit of u?
8
Let v(f) = 29*f + 4. What is the tens digit of v(3)?
9
Suppose -2*r = -t + 43, -87 = 4*r + t - 2*t. Suppose 0*u = u + 36. Let h = r - u. What is the units digit of h?
4
Suppose -j - 4*w = -2*j - 18, 3*w = 5*j + 90. Let y = j + 34. Let n = y + -9. What is the units digit of n?
7
Suppose 5*a + 0*a - 2*q - 62 = 0, a - 22 = -2*q. Suppose -5*g + 13 + 7 = -5*r, -2*r + 4*g = a. What is the tens digit of -15*(2 + r + -2)?
1
Let j(y) = -y**3 - 7*y**2 + 22*y + 1. What is the units digit of j(-10)?
1
Let v(l) = l**3 + l**2 - 3. Suppose 16*p - 12*p - 12 = 0. What is the tens digit of v(p)?
3
Suppose -4*o + 4*x = -144, 0*o - 4*x = 2*o - 60. What is the tens digit of o?
3
What is the units digit of (-2*25/40)/(1/(-36))?
5
Suppose 4*g + 10 = -g. What is the units digit of 1 - 0 - (g - 2)?
5
Let i be 68/7 + 4/14. Let o = i - 6. Suppose -o*z - 3*s = -z - 30, -2*z = 3*s - 20. What is the units digit of z?
0
Let f(u) = 7*u - 25. What is the units digit of f(13)?
6
Let d(f) = 9*f**2 - 1. Suppose -x - 5 = -6*x. Let b be d(x). What is the units digit of b/(2 + -1) + 0?
8
Let j(h) = 1 + h**3 + 8*h**2 - 11*h - 6 - 3 + 0*h**3. What is the tens digit of j(-9)?
1
Let t(y) = -10*y**3 + y**2 - 1. Let z = 2 + -3. Let s be t(z). Suppose x - s = -x. What is the units digit of x?
5
Suppose -14 = -0*s + 2*s. Let n = 0 + 0. What is the units digit of 2 - 1 - (s - n)?
8
Suppose 5*t + 2 + 38 = 0. What is the tens digit of t*-9*(-3)/(-12)?
1
Suppose x + r - 28 = -4*r, -166 = -4*x - 2*r. Let g = x - 27. What is the units digit of g?
6
Let c(k) = -6*k**2 - 5*k + 5. Let r(h) = -h**3 + h**2 + h. Let g = -3 - -4. Let x(b) = g*r(b) + c(b). What is the units digit of x(-4)?
5
Let g be (10/(-2))/1*-1. Suppose -3*m - g*q - 6 = 0, m - q - 9 = -m. What is the units digit of m?
3
Let g be 4*(1 + 3 + -3). What is the units digit of (3 - 1)/(g/10)?
5
Let l = -8 - -8. Suppose l*j + 5*j - 35 = 0. What is the units digit of j?
7
What is the units digit of 3/(-6)*(-88)/2?
2
Let b(c) = c**2 - 5*c + 2. Let o be b(5). Suppose o*u + 2*u = 32. What is the units digit of u?
8
Suppose -y - 1 = -j - 5, 2*y - 4*j = 16. Let u = y + 1. What is the units digit of 5/((0 - 0) + u)?
5
Suppose 5 = 3*k + 2, -z - 2*k = -31. What is the units digit of z?
9
Let p be (-3)/6 + 10/4. Suppose p*a - 3 = -a. What is the units digit of a?
1
Let m be 2/8*(70 - 2). Let k = 4 - 1. Suppose 5*j = k*f + f - 31, -5*f - j + m = 0. What is the units digit of f?
4
Let w(n) = n**2 - n - 2. Let u be w(3). Let z be -1*((2 - 2) + 0). Suppose 0 = -2*y - z*y + u. What is the units digit of y?
2
What is the tens digit of 68/51*75/2?
5
Suppose 0*r + 2*r + 40 = 0. What is the units digit of (-284)/r - 3/15?
4
Suppose -4*v + n = -20, 4*n = -3*v - 0*n - 4. Let u = 9 - v. What is the units digit of u?
5
Let i = 31 - 13. Suppose 10 = a - i. What is the tens digit of a?
2
Let p = 38 - 30. What is the units digit of p?
8
Let t(u) = u**3 + 8*u**2 + 5*u - 8. Let h be t(-7). Suppose h*o = o + 15. Suppose -y - 3*y + 36 = 5*i, 2*i = -o*y + 20. What is the units digit of i?
4
Suppose i + 2*i = 24. Suppose 0*n + n - i = 0. What is the units digit of n?
8
Suppose -4*o - o + 180 = 0. What is the units digit of o?
6
Let j = 34 - 20. Let v = j - 3. What is the tens digit of v?
1
Suppose -5*i - 2*r - 26 = 0, 4*i + 4*r + 24 = -4. Let j = i + 8. What is the units digit of j?
4
Suppose 49*l + 500 = 54*l. What is the hundreds digit of l?
1
Suppose -3*i = 4*d - 4, -2*d - 2*d - 5*i = 4. Suppose d*n + 0*n - t = 1, 0 = -3*n + t. What is the units digit of n?
1
Let c(p) = -2*p - 3. Let o be c(-3). Let n(v) = -1 - 2*v - 5*v**2 - 5*v**o + 5*v**2. What is the units digit of n(-1)?
6
What is the units digit of ((-18)/(-4))/(6/12)?
9
What is the tens digit of 39 - (49/14 + (-2)/(-4))?
3
Let m(o) be the third derivative of o**4/6 - o**3/6 + o**2. Let b be m(1). Suppose -i + 40 = b*i. What is the tens digit of i?
1
Suppose 0 = -r - 0*r + 1. What is the tens digit of (9 + 0 + r)*2?
2
Suppose -5*z - c = -2*c - 425, -z - 5*c = -59. What is the units digit of z?
4
Let q be (-2 - (-4 - -2))/(-1). What is the units digit of 6 + q + 2*1?
8
Let v = -12 - -43. What is the units digit of v?
1
Let v = 413 + -124. What is the units digit of v?
9
Let f = -78 - -146. What is the tens digit of f?
6
Let z(v) = v**3 - v**2 + 2*v - 7. What is the tens digit of z(3)?
1
Let p = 22 - 43. Let o = p + 43. What is the tens digit of o?
2
What is the hundreds digit of (169*2/(-3))/(14/(-21))?
1
Let x(l) = 0*l - 18 - 5*l - l + 15 + l**2. Let n be x(-5). What is the units digit of 1*-2*n/(-8)?
3
Let s be (18/15)/(1/20). Suppose 0 = 3*c - 8*c. Suppose -2*u - 6 = 0, c = -3*v + 7*v - 4*u - s. What is the units digit of v?
3
Let l = -40 + 78. What is the tens digit of l?
3
What is the hundreds digit of -2*(-93 + 0 - -1)?
1
Let c = -5 + 1. Suppose -3*l + 33 = -6*l - 3*t, 5*l - 5*t + 15 = 0. Let u = c - l. What is the units digit of u?
3
Let k(h) = -h**3 - 7*h**2 + 8*h + 10. Suppose 16 = -t - t. What is the units digit of k(t)?
0
Let p be (-2)/(2*-1 - 0). Suppose -4*x = -9 + p. Suppose -x*s + 15 = 3. What is the units digit of s?
6
Let t be 1*4/(-1) + 30. Let d = -1 + t. What is the units digit of d?
5
Let y(g) = g**3 + 5*g**2 - 6*g - 1. Let p(t) = t**3 + 7*t**2 + 7*t + 1. Let d be p(-6). What is the tens digit of y(d)?
2
Suppose 0 = -10*v + 7*v + 93. What is the tens digit of v?
3
Let a = 305 - 171. What is the tens digit of a?
3
Suppose -17 = -5*w + 8. Suppose w*n - 5*z - 115 = 0, 4*n - 120 = -2*z - z. Let p = 39 - n. What is the units digit of p?
2
Let q = -6 - -9. Let a(s) = 0*s + 4 - 4*s + q*s + 0*s. What is the tens digit of a(-7)?
1
Let r = 36 + -26. What is the tens digit of r?
1
Let r = 239 - -17. What is the units digit of r?
6
Let n(z) = -z**2 - 5*z - 4. Let d = 4 + -7. What is the units digit of n(d)?
2
What is the units digit of (-68)/(-20) + -3 + (-636)/(-10)?
4
Let m(n) be the first derivative of -n**4/4 - 2*n**3 - 7*n**2/2 - 6*n - 1. Let s(o) = -o - 5. Let b be s(0). What is the units digit of m(b)?
4
Let j(s) = -s**3 - 11*s**2 - 9*s + 11. Let w be j(-10). What is the tens digit of w/(-3) + 236/6?
3
Suppose 5*x - 279 = 21. Suppose 7*g - x = 2*g. What is the tens digit of g?
1
Suppose -n + 368 = 46. What is the tens digit of n?
2
Let s(y) be the first derivative of y**2/2 - 8*y + 2. Let n be s(0). What is the units digit of (n/(-10))/((-1)/(-10))?
8
Suppose 0 = -20*a + 25*a - 165. What is the tens digit of a?
3
Suppose 5*h - 1 = -t, -3*h - 2*h + 2*t + 13 = 0. What is the units digit of h?
1
Let i(p) be the first derivative of p**2/2 + 7*p + 1. Let k be i(-3). Suppose -2*y + 0 = -k. What is the units digit of y?
2
Let x = 13 + 16. Let q = 1 + x. What is the units digit of q?
0
Suppose 2*x + g - 92 = -3*g, 2*x + 5*g - 97 = 0. Suppose 0 = -0*q - 3*q + x. What is the units digit of q?
2
Suppose 4*k + 220 = 8*k. What is the units digit of k?
5
Let y(n) = 41*n**2 + 1. What is the tens digit of y(1)?
4
Let p be 6/3 + 1 + 2. Suppose p*f + 2*s - 4*s = 56, 4*f = 5*s + 38. Suppose -f = -0*b - 2*b. What is the units digit of b?
6
Let g = 3 + 0. Suppose 0 = 4*j - 3*j - 2*m + 9, 3*j + m = 8. Suppose g = t - j. What is the units digit of t?
4
Let v(u) = u**2 - 9*u + 6. Suppose 2*h = 4*h - 18. What is the units digit of v(h)?
6
Let h be ((-3)/(-2))/((-6)/32). Let m = h + 7. What is the units digit of (m/(-1))/(6/18)?
3
Suppose -4*j + 21 = -v + j, 5*v = -j - 27. Let a = -145 - -158. Let f = v + a. What is the units digit of f?
7
Let a(v) = -2*v - 3. Let t be a(-4). Let o be t/((-2)/(2 - 4)). Let h(b) = b**3 - 6*b**2 + 7*b - 2. What is the units digit of h(o)?
8
Suppose 0*k + k = 3. Suppose 5 + 4 = k*x. What is the units digit of x?
3
Let a(b) = b**2 - 2*b - 3. Let r be a(6). Let u = 49 - r. What is the units digit of u?
8
Suppose 2*c + 1 = c. Let f(h) = -h**3 - 2*h**2 + h + 1. Let d be f(c). What is the units digit of (-2)/5*d*5?
2
Suppose -4*z + 582 - 82 = 0. What is the units digit of z?
5
Let t be 6*(-1)/2 + 31. Let j = t - 17. What is the tens digit of j?
1
Let x(y) = y**2 + 4*y + 11. Let i be x(-8). Suppose -2*w - p + i = 0, -4*w - 2*p = -2*w - 40. What is the tens digit of w?
2
Suppose -f - 3 - 3 = 0. What is the units digit of (f + 10)*18/8?
9
Let m(n) = -n*